at is the hundreds digit of 107707022?
0
What is the thousands digit of 99650070?
0
What is the thousands digit of 1420945771?
5
What is the hundred thousands digit of 8242748?
2
What is the thousands digit of 44771588?
1
What is the units digit of 2618629641?
1
What is the ten thousands digit of 11025947?
2
What is the tens digit of 353857262?
6
What is the thousands digit of 219788251?
8
What is the hundreds digit of 2885508511?
5
What is the hundred thousands digit of 33394193?
3
What is the tens digit of 11861188?
8
What is the thousands digit of 451346226?
6
What is the ten thousands digit of 27570781?
7
What is the ten millions digit of 2417411576?
1
What is the units digit of 89607553?
3
What is the ten thousands digit of 517177925?
7
What is the units digit of 59377877?
7
What is the units digit of 644309320?
0
What is the ten thousands digit of 123345679?
4
What is the hundreds digit of 2800068295?
2
What is the millions digit of 45463355?
5
What is the hundreds digit of 21746730?
7
What is the units digit of 246129990?
0
What is the hundred millions digit of 298837367?
2
What is the units digit of 1102322316?
6
What is the hundred millions digit of 359538226?
3
What is the hundred thousands digit of 102128927?
1
What is the millions digit of 2092457118?
2
What is the thousands digit of 13251729?
1
What is the ten thousands digit of 3804290957?
9
What is the ten thousands digit of 284097026?
9
What is the hundred thousands digit of 269378981?
3
What is the billions digit of 4202854752?
4
What is the tens digit of 494165517?
1
What is the hundreds digit of 596079547?
5
What is the millions digit of 2126106111?
6
What is the hundreds digit of 58698722?
7
What is the ten millions digit of 247221235?
4
What is the thousands digit of 3142113953?
3
What is the thousands digit of 34896803?
6
What is the tens digit of 5855970598?
9
What is the millions digit of 54028052?
4
What is the hundred thousands digit of 40746821?
7
What is the hundreds digit of 6373594359?
3
What is the billions digit of 2034166281?
2
What is the billions digit of 1171417438?
1
What is the millions digit of 2054897113?
4
What is the millions digit of 210710570?
0
What is the thousands digit of 55315087?
5
What is the millions digit of 739428921?
9
What is the millions digit of 127560764?
7
What is the hundred thousands digit of 561060908?
0
What is the ten millions digit of 46299532?
4
What is the tens digit of 38072552?
5
What is the hundreds digit of 720817512?
5
What is the ten thousands digit of 28162466?
6
What is the ten millions digit of 1291149086?
9
What is the millions digit of 952535872?
2
What is the hundreds digit of 1027360148?
1
What is the hundreds digit of 179380340?
3
What is the units digit of 214399336?
6
What is the units digit of 74759046?
6
What is the ten thousands digit of 2319129?
1
What is the units digit of 169414932?
2
What is the thousands digit of 1595935511?
5
What is the ten millions digit of 92591777?
9
What is the hundred thousands digit of 310046671?
0
What is the ten thousands digit of 1326412594?
1
What is the billions digit of 2834737036?
2
What is the thousands digit of 106876698?
6
What is the hundred millions digit of 215471551?
2
What is the units digit of 34767140?
0
What is the ten millions digit of 113932171?
1
What is the millions digit of 379568362?
9
What is the ten millions digit of 146527661?
4
What is the tens digit of 141720262?
6
What is the billions digit of 1679004576?
1
What is the hundreds digit of 566133709?
7
What is the hundred thousands digit of 61409377?
4
What is the thousands digit of 71250823?
0
What is the tens digit of 6123237023?
2
What is the hundred millions digit of 678633327?
6
What is the ten millions digit of 36103377?
3
What is the tens digit of 3962811?
1
What is the thousands digit of 35832789?
2
What is the hundreds digit of 9575176?
1
What is the millions digit of 2178103284?
8
What is the hundred millions digit of 800352386?
8
What is the ten millions digit of 29164956?
2
What is the ten millions digit of 158430662?
5
What is the thousands digit of 45855468?
5
What is the hundreds digit of 907540470?
4
What is the hundreds digit of 37453519?
5
What is the millions digit of 7562038?
7
What is the ten thousands digit of 255789574?
8
What is the ten thousands digit of 171159280?
5
What is the units digit of 3144687729?
9
What is the hundred millions digit of 103624859?
1
What is the millions digit of 379648822?
9
What is the hundreds digit of 4152473152?
1
What is the tens digit of 26448311?
1
What is the thousands digit of 2248431289?
1
What is the hundreds digit of 28002931?
9
What is the hundred thousands digit of 111809734?
8
What is the millions digit of 92511220?
2
What is the thousands digit of 49224521?
4
What is the ten thousands digit of 492961449?
6
What is the thousands digit of 7736829454?
9
What is the ten millions digit of 1678537260?
7
What is the hundred thousands digit of 28663356?
6
What is the hundred millions digit of 365652105?
3
What is the hundred thousands digit of 4591170213?
1
What is the millions digit of 181820531?
1
What is the thousands digit of 647675976?
5
What is the hundred millions digit of 7433402978?
4
What is the thousands digit of 8033169302?
9
What is the ten thousands digit of 160495083?
9
What is the tens digit of 747526397?
9
What is the tens digit of 8742919?
1
What is the millions digit of 98929692?
8
What is the billions digit of 1279374169?
1
What is the ten thousands digit of 2031276309?
7
What is the thousands digit of 159815588?
5
What is the hundred thousands digit of 391904621?
9
What is the ten thousands digit of 4138710139?
1
What is the thousands digit of 1157314860?
4
What is the units digit of 962410174?
4
What is the hundred millions digit of 1053028512?
0
What is the ten millions digit of 18407777?
1
What is the hundred thousands digit of 427952383?
9
What is the hundreds digit of 205022193?
1
What is the millions digit of 2641111207?
1
What is the millions digit of 10323252?
0
What is the hundreds digit of 173889303?
3
What is the hundreds digit of 50925283?
2
What is the thousands digit of 41046344?
6
What is the hundred thousands digit of 32860591?
8
What is the millions digit of 50700593?
0
What is the hundreds digit of 1072969538?
5
What is the hundred thousands digit of 1044427895?
4
What is the hundreds digit of 2825026570?
5
What is the units digit of 166323523?
3
What is the hundred thousands digit of 307069209?
0
What is the tens digit of 18036964?
6
What is the hundred millions digit of 337279445?
3
What is the thousands digit of 545738048?
8
What is the hundred millions digit of 225981536?
2
What is the hundred millions digit of 141705068?
1
What is the hundreds digit of 3262637058?
0
What is the tens digit of 36084762?
6
What is the millions digit of 208661930?
8
What is the tens digit of 3626180630?
3
What is the ten millions digit of 2930847447?
3
What is the millions digit of 3443016666?
3
What is the ten thousands digit of 267288221?
8
What is the units digit of 855571013?
3
What is the billions digit of 3848501858?
3
What is the hundreds digit of 619831594?
5
What is the millions digit of 95180940?
5
What is the millions digit of 132519652?
2
What is the ten thousands digit of 12161923?
6
What is the hundreds digit of 33533998?
9
What is the units digit of 106749299?
9
What is the hundred thousands digit of 13983834?
9
What is the units digit of 898096103?
3
What is the millions digit of 2146082184?
6
What is the units digit of 86551140?
0
What is the hundreds digit of 122233604?
6
What is the thousands digit of 3565755?
5
What is the hundred thousands digit of 3170959137?
9
What is the ten thousands digit of 2332393439?
9
What is the millions digit of 69984888?
9
What is the thousands digit of 2443656943?
6
What is the millions digit of 1355523009?
5
What is the tens digit of 55205418?
1
What is the thousands digit of 394843501?
3
What is the ten millions digit of 838161433?
3
What is the hundreds digit of 19510757?
7
What is the millions digit of 680666738?
0
What is the billions digit of 2590081072?
2
What is the ten thousands digit of 86593567?
9
What is the millions digit of 1434705546?
4
What is the hund